 474211
List the prime factors of 283107.
3, 11, 23, 373
List the prime factors of 400425.
3, 5, 19, 281
What are the prime factors of 276778?
2, 138389
List the prime factors of 453435.
3, 5, 19, 37, 43
What are the prime factors of 8422788?
2, 3, 11, 63809
What are the prime factors of 3771693?
3, 59, 7103
What are the prime factors of 179070?
2, 3, 5, 47, 127
List the prime factors of 389369.
389369
What are the prime factors of 941031?
3, 7, 13, 383
What are the prime factors of 37598687?
7, 1721, 3121
What are the prime factors of 172122?
2, 3, 28687
List the prime factors of 24061.
24061
What are the prime factors of 628441?
11, 57131
List the prime factors of 390926.
2, 71, 2753
List the prime factors of 9095830.
2, 5, 509, 1787
What are the prime factors of 193944?
2, 3, 8081
List the prime factors of 1305026.
2, 67, 9739
List the prime factors of 2530705.
5, 17, 19, 1567
What are the prime factors of 34763621?
34763621
What are the prime factors of 33747?
3, 7, 1607
List the prime factors of 189729.
3, 7027
List the prime factors of 1228316.
2, 307079
List the prime factors of 4732.
2, 7, 13
What are the prime factors of 114748?
2, 28687
List the prime factors of 5317449.
3, 1772483
What are the prime factors of 75519?
3, 2797
What are the prime factors of 1743900?
2, 3, 5, 5813
List the prime factors of 113885.
5, 22777
What are the prime factors of 2360045?
5, 37, 12757
What are the prime factors of 5363400?
2, 3, 5, 7, 1277
What are the prime factors of 1022887?
443, 2309
List the prime factors of 9788627.
41, 238747
What are the prime factors of 21962942?
2, 31, 179, 1979
List the prime factors of 14082371.
23, 29, 43, 491
What are the prime factors of 513486?
2, 3, 37, 257
What are the prime factors of 4148466?
2, 3, 7, 98773
What are the prime factors of 552641?
149, 3709
What are the prime factors of 199274?
2, 17, 5861
What are the prime factors of 79937?
11, 13, 43
What are the prime factors of 10379786?
2, 5189893
List the prime factors of 281886.
2, 3, 11, 4271
List the prime factors of 4719332.
2, 53, 113, 197
List the prime factors of 1034376.
2, 3, 7, 47, 131
What are the prime factors of 11545674?
2, 3, 7, 173, 227
List the prime factors of 26542859.
7, 29, 18679
What are the prime factors of 23968544?
2, 43, 17419
List the prime factors of 942060.
2, 3, 5, 7, 2243
List the prime factors of 545321.
7, 31, 359
List the prime factors of 798316.
2, 109, 1831
List the prime factors of 714208.
2, 11, 2029
What are the prime factors of 663369?
3, 7, 31, 1019
List the prime factors of 13094015.
5, 11, 23, 941
List the prime factors of 26064727.
13, 23, 179, 487
What are the prime factors of 1684168?
2, 31, 6791
What are the prime factors of 2092682?
2, 601, 1741
List the prime factors of 149693.
107, 1399
List the prime factors of 7938551.
7938551
List the prime factors of 9908459.
11, 29, 89, 349
What are the prime factors of 15604106?
2, 7, 367, 3037
List the prime factors of 606365.
5, 173, 701
What are the prime factors of 14398378?
2, 43, 167423
List the prime factors of 289339.
89, 3251
What are the prime factors of 301743?
3, 13, 2579
List the prime factors of 19117738.
2, 23, 415603
List the prime factors of 10062303.
3, 577, 5813
What are the prime factors of 242784?
2, 3, 281
List the prime factors of 1177632.
2, 3, 29, 47
List the prime factors of 822876.
2, 3, 47, 1459
List the prime factors of 24529333.
281, 87293
What are the prime factors of 207281?
17, 89, 137
List the prime factors of 825923.
7, 117989
List the prime factors of 870586.
2, 211, 2063
What are the prime factors of 1115365?
5, 37, 6029
What are the prime factors of 6987285?
3, 5, 23, 43, 157
What are the prime factors of 317560?
2, 5, 17, 467
List the prime factors of 20855915.
5, 4171183
List the prime factors of 188861.
188861
List the prime factors of 186465.
3, 5, 31, 401
List the prime factors of 3687740.
2, 5, 7, 53, 71
What are the prime factors of 11256987?
3, 7, 19, 89, 317
What are the prime factors of 84327?
3, 28109
What are the prime factors of 15793130?
2, 5, 1579313
List the prime factors of 6239267.
71, 87877
List the prime factors of 751092.
2, 3, 62591
List the prime factors of 290200.
2, 5, 1451
List the prime factors of 25327842.
2, 3, 4221307
List the prime factors of 1357940.
2, 5, 43, 1579
List the prime factors of 18310289.
18310289
List the prime factors of 898715.
5, 179743
What are the prime factors of 164218?
2, 47, 1747
What are the prime factors of 22221430?
2, 5, 7, 11, 28859
List the prime factors of 82430.
2, 5, 8243
List the prime factors of 484173.
3, 23, 2339
What are the prime factors of 1004849?
101, 9949
What are the prime factors of 349474?
2, 174737
What are the prime factors of 87916?
2, 31, 709
List the prime factors of 4081167.
3, 547, 829
What are the prime factors of 317685?
3, 5, 21179
What are the prime factors of 706091?
101, 6991
What are the prime factors of 397436?
2, 13, 7643
What are the prime factors of 378448?
2, 7, 31, 109
List the prime factors of 234592.
2, 7331
List the prime factors of 12264971.
97, 126443
What are the prime factors of 58904?
2, 37, 199
List the prime factors of 1290923.
1290923
List the prime factors of 474523.
7, 67789
List the prime factors of 2072717.
29, 71473
What are the prime factors of 623999?
31, 20129
List the prime factors of 19188.
2, 3, 13, 41
List the prime factors of 710885.
5, 7, 19, 1069
List the prime factors of 1376044.
2, 23, 14957
List the prime factors of 339810.
2, 3, 5, 47, 241
List the prime factors of 6510189.
3, 7, 67, 661
List the prime factors of 36685599.
3, 19, 751, 857
List the prime factors of 4993343.
4993343
What are the prime factors of 1017422?
2, 7, 72673
List the prime factors of 200408.
2, 13, 41, 47
What are the prime factors of 141791?
13, 839
List the prime factors of 8781449.
8781449
What are the prime factors of 431823?
3, 7, 20563
What are the prime factors of 38347?
31, 1237
What are the prime factors of 367987?
151, 2437
What are the prime factors of 485265?
3, 5, 11, 17, 173
What are the prime factors of 318315?
3, 5, 21221
List the prime factors of 31359602.
2, 127, 331, 373
List the prime factors of 35890664.
2, 4486333
List the prime factors of 170489.
11, 1409
What are the prime factors of 12191298?
2, 3, 7, 41467
List the prime factors of 3397.
43, 79
List the prime factors of 314614.
2, 157307
List the prime factors of 94809.
3, 11, 13, 17
What are the prime factors of 426393?
3, 11, 59, 73
What are the prime factors of 879819?
3, 23, 41, 311
List the prime factors of 311449.
43, 7243
List the prime factors of 7514602.
2, 101, 37201
List the prime factors of 6437689.
6437689
What are the prime factors of 1494336?
2, 3, 43, 181
List the prime factors of 1386006.
2, 3, 231001
What are the prime factors of 63219?
3, 13, 1621
List the prime factors of 168929.
17, 19, 523
What are the prime factors of 5874976?
2, 183593
What are the prime factors of 8968855?
5, 7, 19, 13487
What are the prime factors of 1863799?
7, 449, 593
What are the prime factors of 1325117?
19, 97, 719
What are the prime factors of 6891881?
23, 79, 3793
What are the prime factors of 344458?
2, 157, 1097
What are the prime factors of 548209?
353, 1553
List the prime factors of 8228404.
2, 67, 30703
What are the prime factors of 541526?
2, 270763
What are the prime factors of 1050538?
2, 317, 1657
List the prime factors of 923483.
11, 37, 2269
What are the prime factors of 6607876?
2, 11, 79, 1901
List the prime factors of 20429756.
2, 5107439
List the prime factors of 747924.
2, 3, 62327
What are the prime factors of 129699?
3, 14411
What are the prime factors of 1559807?
1559807
List the prime factors of 484777.
484777
List the prime factors of 1587263.
37, 42899
List the prime factors of 24077.
24077
List the prime factors of 579361.
593, 977
List the prime factors of 28877915.
5, 11, 109, 4817
What are the prime factors of 987666?
2, 3, 17, 23, 421
What are the prime factors of 1072401?
3, 11, 32497
List the prime factors of 5954.
2, 13, 229
List the prime factors of 202384.
2, 7, 13, 139
What are the prime factors of 10420540?
2, 5, 13, 3083
What are the prime factors of 1418374?
2, 31, 22877
What are the prime factors of 4365986?
2, 2182993